{"id":311,"date":"2010-04-18T17:16:08","date_gmt":"2010-04-18T17:16:08","guid":{"rendered":"http:\/\/funamenn.is\/?page_id=311"},"modified":"2024-04-14T17:56:26","modified_gmt":"2024-04-14T17:56:26","slug":"melger%c3%b0ismelar-2","status":"publish","type":"page","link":"https:\/\/funamenn.is\/?page_id=311","title":{"rendered":"Melger\u00f0ismelar"},"content":{"rendered":"<p>Melger\u00f0ismelar eru m\u00f3tssv\u00e6\u00f0i Funa. Melger\u00f0ismelar eru vel sta\u00f0settir \u00ed innanver\u00f0um Eyjafir\u00f0i, einungis 25 km fr\u00e1 h\u00f6fu\u00f0sta\u00f0 Nor\u00f0urlands, Akureyri.<br \/>\nMelger\u00f0ismelar eru \u00e1kaflega hl\u00fdlegt og gott m\u00f3tssv\u00e6\u00f0i fr\u00e1 n\u00e1tt\u00farunnar hendi og raunar alhli\u00f0a \u00fativistarsv\u00e6\u00f0i. A\u00f0alm\u00f3tssv\u00e6\u00f0i\u00f0 er \u00ed skj\u00f3ls\u00e6lum hvammi \u00e1 b\u00f6kkum Eyjafjar\u00f0ar\u00e1r. Vellir eru g\u00f3\u00f0ir og reynast mj\u00f6g vel \u00ed \u00f6llum ve\u00f0rum.<\/p>\n<figure id=\"attachment_388\" aria-describedby=\"caption-attachment-388\" style=\"width: 150px\" class=\"wp-caption alignright\"><a href=\"http:\/\/funamenn.is\/wp-content\/uploads\/2010\/04\/Melger\u00f0ismelar4.jpg\"><img decoding=\"async\" loading=\"lazy\" class=\"size-thumbnail wp-image-388\" title=\"Melger\u00f0ismelar\" src=\"http:\/\/funamenn.is\/wp-content\/uploads\/2010\/04\/Melger\u00f0ismelar4-150x150.jpg\" alt=\"G\u00e6\u00f0ingav\u00f6llurinn\" width=\"150\" height=\"150\"><\/a><figcaption id=\"caption-attachment-388\" class=\"wp-caption-text\">G\u00e6\u00f0ingav\u00f6llurinn<\/figcaption><\/figure>\n<p>Sk\u00f3gr\u00e6kt til skj\u00f3lmyndunar h\u00f3fst \u00e1 Melger\u00f0ismelum 1983 og b\u00e6tt verulega \u00ed 1991 og s\u00ed\u00f0ar. Sk\u00f3gurinn er n\u00fa farinn a\u00f0 breyta \u00e1s\u00fdnd melanna verulega auk \u00feess a\u00f0 veita skj\u00f3l.<br \/>\nVeitingask\u00e1linn, Funaborg, er ofan vi\u00f0 \u00e1horfendabrekkuna og hefur hann veri\u00f0 einangra\u00f0ur og parketlag\u00f0ur og eru endur\u00adb\u00e6tur \u00e1 honum langt komnar. Hann er leig\u00f0ur \u00fat til \u00fdmiss konar upp\u00e1koma, eins og fyrir alls kyns veislur, \u00e6ttarm\u00f3t o.\u00fe.h. \u00de\u00e1 er gjarnan tjalda\u00f0 vi\u00f0 fj\u00f6lnotasv\u00e6\u00f0i\u00f0 vestan vi\u00f0 veitingask\u00e1lann.<br \/>\nVestur \u00e1 melunum sj\u00e1lfum er st\u00f3\u00f0hestah\u00fas sem r\u00famar 23 st\u00f3\u00f0hesta og er \u00fea\u00f0 \u00ed eigu Funa til helminga \u00e1 m\u00f3ti nokkrum einstaklingum.<br \/>\n\u00c1ri\u00f0 2008 var loki\u00f0 vi\u00f0 byggingu rei\u00f0skemmunnar Melaskj\u00f3ls vi\u00f0 st\u00f3\u00f0hestah\u00fasi\u00f0. Skemman var bygg\u00f0 \u00ed samvinnu vi\u00f0 Hrossar\u00e6ktarf\u00e9lagi\u00f0 N\u00e1ttfara og nokkra einstaklinga. Bygg\u00f0 ver\u00f0a tv\u00f6 hesth\u00fas til vi\u00f0b\u00f3tar vi\u00f0 rei\u00f0skemmuna. \u00de\u00e1 er \u00ed deiliskipulagi gert r\u00e1\u00f0 fyrir hesth\u00fasa\u00adhverfi nor\u00f0ur \u00e1 melunum.<br \/>\nVi\u00f0 st\u00f3\u00f0hestah\u00fasi\u00f0 er hringv\u00f6llur \u00e1samt \u00e1horfendabrekku og er h\u00e6gt a\u00f0 nota hann til upphitunar, s\u00fdninga, e\u00f0a keppni eftir \u00fev\u00ed sem \u00feurfa \u00feykir.<br \/>\nSu\u00f0ur \u00e1 melnum sunnan og vestan vi\u00f0 a\u00f0als\u00fdningarsv\u00e6\u00f0i\u00f0 er n\u00fdr og n\u00fdst\u00e1rlegur kynb\u00f3tav\u00f6llur, N\u00e1ttfarav\u00f6llurinn, sem v\u00edg\u00f0ur var vi\u00f0 g\u00f3\u00f0an or\u00f0st\u00edr vori\u00f0 2009. V\u00f6llurinn n\u00fdtir sk\u00f3gr\u00e6ktina til a\u00f0 mynda skj\u00f3l og afm\u00f6rkun \u00feannig a\u00f0 hrossin sj\u00e1i fyrir endann \u00e1 s\u00fdningunni. Gott upphitunarsv\u00e6\u00f0i fyrir kynb\u00f3tahross er \u00e1 eldri kynb\u00f3tavelli vestan vi\u00f0 n\u00fdja v\u00f6llinn og sunnan vi\u00f0&nbsp; \u00e1horfendabrekku uppi \u00e1 melnum.<\/p>\n<p><a href=\"http:\/\/funamenn.is\/wp-content\/uploads\/2010\/04\/Melgerdismelar19981.jpg\"><img decoding=\"async\" loading=\"lazy\" class=\"size-medium wp-image-391\" title=\"Melgerdismelar1998\" src=\"http:\/\/funamenn.is\/wp-content\/uploads\/2010\/04\/Melgerdismelar19981-300x197.jpg\" alt=\"Melger\u00f0ismelar 1998\" width=\"300\" height=\"197\" srcset=\"https:\/\/funamenn.is\/wp-content\/uploads\/2010\/04\/Melgerdismelar19981-300x197.jpg 300w, https:\/\/funamenn.is\/wp-content\/uploads\/2010\/04\/Melgerdismelar19981-1024x674.jpg 1024w\" sizes=\"(max-width: 300px) 100vw, 300px\" \/><\/a><\/p>\n","protected":false},"excerpt":{"rendered":"<p>Melger\u00f0ismelar eru m\u00f3tssv\u00e6\u00f0i Funa. Melger\u00f0ismelar eru vel sta\u00f0settir \u00ed innanver\u00f0um Eyjafir\u00f0i, einungis 25 km fr\u00e1 h\u00f6fu\u00f0sta\u00f0 Nor\u00f0urlands, Akureyri. Melger\u00f0ismelar eru \u00e1kaflega hl\u00fdlegt og gott m\u00f3tssv\u00e6\u00f0i fr\u00e1 n\u00e1tt\u00farunnar hendi og raunar alhli\u00f0a \u00fativistarsv\u00e6\u00f0i. A\u00f0alm\u00f3tssv\u00e6\u00f0i\u00f0 er \u00ed skj\u00f3ls\u00e6lum hvammi \u00e1 b\u00f6kkum Eyjafjar\u00f0ar\u00e1r. Vellir eru g\u00f3\u00f0ir og reynast mj\u00f6g vel \u00ed \u00f6llum ve\u00f0rum. Sk\u00f3gr\u00e6kt til skj\u00f3lmyndunar h\u00f3fst \u00e1 &hellip;<\/p>\n<p class=\"read-more\"> <a class=\"\" href=\"https:\/\/funamenn.is\/?page_id=311\"> <span class=\"screen-reader-text\">Melger\u00f0ismelar<\/span> Read More &raquo;<\/a><\/p>\n","protected":false},"author":4,"featured_media":0,"parent":0,"menu_order":0,"comment_status":"closed","ping_status":"open","template":"","meta":{"_mi_skip_tracking":false,"_monsterinsights_sitenote_active":false,"_monsterinsights_sitenote_note":"","_monsterinsights_sitenote_category":0,"site-sidebar-layout":"default","site-content-layout":"default","ast-global-header-display":"","ast-banner-title-visibility":"","ast-main-header-display":"","ast-hfb-above-header-display":"","ast-hfb-below-header-display":"","ast-hfb-mobile-header-display":"","site-post-title":"","ast-breadcrumbs-content":"","ast-featured-img":"","footer-sml-layout":"","theme-transparent-header-meta":"","adv-header-id-meta":"","stick-header-meta":"","header-above-stick-meta":"","header-main-stick-meta":"","header-below-stick-meta":"","ngg_post_thumbnail":0},"_links":{"self":[{"href":"https:\/\/funamenn.is\/index.php?rest_route=\/wp\/v2\/pages\/311"}],"collection":[{"href":"https:\/\/funamenn.is\/index.php?rest_route=\/wp\/v2\/pages"}],"about":[{"href":"https:\/\/funamenn.is\/index.php?rest_route=\/wp\/v2\/types\/page"}],"author":[{"embeddable":true,"href":"https:\/\/funamenn.is\/index.php?rest_route=\/wp\/v2\/users\/4"}],"replies":[{"embeddable":true,"href":"https:\/\/funamenn.is\/index.php?rest_route=%2Fwp%2Fv2%2Fcomments&post=311"}],"version-history":[{"count":9,"href":"https:\/\/funamenn.is\/index.php?rest_route=\/wp\/v2\/pages\/311\/revisions"}],"predecessor-version":[{"id":5875,"href":"https:\/\/funamenn.is\/index.php?rest_route=\/wp\/v2\/pages\/311\/revisions\/5875"}],"wp:attachment":[{"href":"https:\/\/funamenn.is\/index.php?rest_route=%2Fwp%2Fv2%2Fmedia&parent=311"}],"curies":[{"name":"wp","href":"https:\/\/api.w.org\/{rel}","templated":true}]}}