{"id":18,"date":"2010-02-06T14:27:15","date_gmt":"2010-02-06T14:27:15","guid":{"rendered":"http:\/\/funamenn.is\/?page_id=18"},"modified":"2024-04-14T18:30:58","modified_gmt":"2024-04-14T18:30:58","slug":"stjorn","status":"publish","type":"page","link":"https:\/\/funamenn.is\/?page_id=18","title":{"rendered":"Stj\u00f3rn"},"content":{"rendered":"\n<p><strong>Forma\u00f0ur:<\/strong> Hafd\u00eds D\u00f6gg Sveinbjarnard\u00f3ttir Leyningi 605 Akureyri<\/p>\n\n\n\n<p>hafdisds@simnet.is gsm 861-1348<\/p>\n\n\n\n<p><strong>Gjaldkeri:<\/strong> Bjarney Gu\u00f0bj\u00f6rnsd\u00f3ttir Halld\u00f3rsst\u00f6\u00f0um 605 Akureyri<\/p>\n\n\n\n<p>94bjarney@gmail.com gsm 863-1271<\/p>\n\n\n\n<p><strong>Ritari:<\/strong> Steingr\u00edmur Magn\u00fasson, Skj\u00f3lgar\u00f0i, 605 Akureyri<\/p>\n\n\n\n<p>steini@tyrma.is  gsm 892 2018<\/p>\n\n\n\n<p><strong>Me\u00f0stj\u00f3rnandi:<\/strong> R\u00f3sa Hreinsd\u00f3ttir Halld\u00f3rsst\u00f6\u00f0um 605 Akureyri<\/p>\n\n\n\n<p><a href=\"mailto:kind@internet.is\">kind@internet.is<\/a> gsm 894-1273<\/p>\n\n\n\n<p><strong>Me\u00f0stj\u00f3rnandi:<\/strong> Stef\u00e1n Birgir Stef\u00e1nsson Litla-Gar\u00f0i 605 Akureyri<\/p>\n\n\n\n<p>herdisarm@simnet.is  gsm 896-1249<\/p>\n\n\n\n<p><\/p>\n\n\n\n<p><strong>Varamenn:<\/strong><\/p>\n\n\n\n<p>Valdemar N\u00edels Sverrisson Bringu 605 Akureyri<\/p>\n\n\n\n<p>\u00c1sd\u00eds Helga Sigursteinsd\u00f3ttir Kr\u00f3nust\u00f6\u00f0um 605 Akureyri<\/p>\n","protected":false},"excerpt":{"rendered":"<p>Forma\u00f0ur: Hafd\u00eds D\u00f6gg Sveinbjarnard\u00f3ttir Leyningi 605 Akureyri hafdisds@simnet.is gsm 861-1348 Gjaldkeri: Bjarney Gu\u00f0bj\u00f6rnsd\u00f3ttir Halld\u00f3rsst\u00f6\u00f0um 605 Akureyri 94bjarney@gmail.com gsm 863-1271 Ritari: Steingr\u00edmur Magn\u00fasson, Skj\u00f3lgar\u00f0i, 605 Akureyri steini@tyrma.is gsm 892 2018 Me\u00f0stj\u00f3rnandi: R\u00f3sa Hreinsd\u00f3ttir Halld\u00f3rsst\u00f6\u00f0um 605 Akureyri kind@internet.is gsm 894-1273 Me\u00f0stj\u00f3rnandi: Stef\u00e1n Birgir Stef\u00e1nsson Litla-Gar\u00f0i 605 Akureyri herdisarm@simnet.is gsm 896-1249 Varamenn: Valdemar N\u00edels Sverrisson Bringu 605 Akureyri &hellip;<\/p>\n<p class=\"read-more\"> <a class=\"\" href=\"https:\/\/funamenn.is\/?page_id=18\"> <span class=\"screen-reader-text\">Stj\u00f3rn<\/span> Read More &raquo;<\/a><\/p>\n","protected":false},"author":10,"featured_media":0,"parent":25,"menu_order":1,"comment_status":"closed","ping_status":"closed","template":"","meta":{"_mi_skip_tracking":false,"_monsterinsights_sitenote_active":false,"_monsterinsights_sitenote_note":"","_monsterinsights_sitenote_category":0,"site-sidebar-layout":"default","site-content-layout":"default","ast-global-header-display":"","ast-banner-title-visibility":"","ast-main-header-display":"","ast-hfb-above-header-display":"","ast-hfb-below-header-display":"","ast-hfb-mobile-header-display":"","site-post-title":"","ast-breadcrumbs-content":"","ast-featured-img":"","footer-sml-layout":"","theme-transparent-header-meta":"","adv-header-id-meta":"","stick-header-meta":"","header-above-stick-meta":"","header-main-stick-meta":"","header-below-stick-meta":"","ngg_post_thumbnail":0},"_links":{"self":[{"href":"https:\/\/funamenn.is\/index.php?rest_route=\/wp\/v2\/pages\/18"}],"collection":[{"href":"https:\/\/funamenn.is\/index.php?rest_route=\/wp\/v2\/pages"}],"about":[{"href":"https:\/\/funamenn.is\/index.php?rest_route=\/wp\/v2\/types\/page"}],"author":[{"embeddable":true,"href":"https:\/\/funamenn.is\/index.php?rest_route=\/wp\/v2\/users\/10"}],"replies":[{"embeddable":true,"href":"https:\/\/funamenn.is\/index.php?rest_route=%2Fwp%2Fv2%2Fcomments&post=18"}],"version-history":[{"count":51,"href":"https:\/\/funamenn.is\/index.php?rest_route=\/wp\/v2\/pages\/18\/revisions"}],"predecessor-version":[{"id":5877,"href":"https:\/\/funamenn.is\/index.php?rest_route=\/wp\/v2\/pages\/18\/revisions\/5877"}],"up":[{"embeddable":true,"href":"https:\/\/funamenn.is\/index.php?rest_route=\/wp\/v2\/pages\/25"}],"wp:attachment":[{"href":"https:\/\/funamenn.is\/index.php?rest_route=%2Fwp%2Fv2%2Fmedia&parent=18"}],"curies":[{"name":"wp","href":"https:\/\/api.w.org\/{rel}","templated":true}]}}